What is -51537 (base 8) in base 15?
-64cd
78a64 (base 11) to base 12
56267
4e4aab (base 15) to base 8
16263761
Convert 50566 (base 14) to base 5.
22140100
5fff (base 16) to base 4
11333333
Convert 4b749 (base 12) to base 9.
166273
-131111223 (base 6) to base 2
-1001110100110001011111
What is 11100100011100011101 (base 2) in base 8?
3443435
Convert -6bc770 (base 13) to base 15.
-35b547
What is -101011222212010 (base 3) in base 16?
-529770
What is -100111001100011110 (base 2) in base 6?
-3235130
What is -846424 (base 11) in base 7?
-14343542
Convert -233332200 (base 4) to base 9.
-328506
-1680944 (base 11) to base 8
-12712304
Convert -1b18810 (base 12) to base 9.
-11746603
8b39 (base 14) to base 3
1020010210
1024331432 (base 5) to base 2
1000010101000011000111
3345043 (base 9) to base 8
6676266
What is 878003 (base 13) in base 11?
1888096
-1114195 (base 11) to base 2
-111011100110000100010
Convert -1000110011101001111 (base 2) to base 12.
-11b013
What is -8915 (base 10) in base 2?
-10001011010011
What is 1138466 (base 10) in base 5?
242412331
-2703162 (base 12) to base 8
-35344432
Convert 1434044214 (base 5) to base 14.
71471d
-6b23ab (base 15) to base 11
-29882a2
-117a42 (base 12) to base 6
-10022522
315000455 (base 6) to base 13
11c5268
Convert -3a8562 (base 11) to base 14.
-1297b6
What is -1101010000101101 (base 2) in base 6?
-1055245
-87a9 (base 16) to base 15
-a454
What is -1265bea (base 15) in base 6?
-1151342251
What is 352124 (base 6) in base 16?
7654
-1433324 (base 5) to base 11
-20985
Convert 6255610 (base 9) to base 10.
3343689
Convert 1310125 (base 8) to base 6.
11452033
What is -1304414 (base 6) in base 8?
-212532
Convert 114314 (base 9) to base 12.
3397a
Convert -10312012030 (base 4) to base 13.
-356194
-5718567 (base 10) to base 7
-66415131
What is bc1de (base 16) in base 5?
144124101
What is 2e4c09 (base 16) in base 14?
58da2d
Convert 275d9 (base 14) to base 3.
11221100102
-1896e3 (base 16) to base 15
-21c72b
What is -1200221121201 (base 3) in base 2?
-11011100110011011011
What is -3278 (base 16) in base 5?
-403140
Convert -110001101011001010 (base 2) to base 8.
-615312
17740 (base 13) to base 3
2021222011
Convert -1108347 (base 9) to base 10.
-596608
-32420502 (base 6) to base 14
-1b2594
-1c4f (base 16) to base 6
-53315
What is -10221232 (base 5) in base 8?
-247471
What is 22212152 (base 6) in base 16?
a3b44
-12121201023 (base 4) to base 6
-55541403
Convert -38972 (base 15) to base 12.
-888bb
Convert -4394c7 (base 13) to base 3.
-2222212002020
Convert -366e9 (base 16) to base 12.
-a9035
What is 48971 (base 12) in base 13?
3589c
What is 21207 (base 12) in base 10?
43495
Convert 111011021 (base 4) to base 6.
1503425
-4a4655 (base 11) to base 10
-796724
What is 74880 (base 9) in base 8?
140633
Convert -21132000301 (base 4) to base 10.
-2482225
What is 24200612 (base 7) in base 5?
1022322344
854c (base 16) to base 7
201326
Convert -40c20 (base 15) to base 13.
-7254c
Convert -c87584 (base 13) to base 5.
-2200402321
What is 4107240 (base 8) in base 16?
108ea0
What is 10302031000 (base 4) in base 2?
100110010001101000000
What is -3320203102 (base 4) in base 13?
-29850a
121230110 (base 4) to base 16
19b14
Convert 3022a5 (base 16) to base 4.
30002022211
-11211202111112 (base 3) to base 10
-2573735
What is -3652253 (base 10) in base 12?
-12816a5
22001 (base 7) to base 8
12561
-b332b9 (base 12) to base 4
-22230303231
1075380 (base 10) to base 11
674a49
What is -1ac164 (base 15) in base 3?
-2110101002211
4316837 (base 9) to base 16
235120
Convert -2344334241 (base 5) to base 2.
-10100110110001101110010
-11322110004 (base 5) to base 14
-1a4763d
622736 (base 8) to base 3
101110222211
What is -6040226 (base 8) in base 4?
-12010002112
Convert 1043557 (base 8) to base 10.
280431
Convert 681a4 (base 13) to base 4.
232030331
-6645 (base 14) to base 3
-220021121
What is -17340747 (base 8) in base 16?
-3dc1e7
Convert 101000110111010011 (base 2) to base 10.
167379
Convert 9b8a06 (base 13) to base 12.
1292948
What is -112232213310 (base 4) in base 8?
-26564764
What is 462626 (base 7) in base 9?
135315
-101203222 (base 4) to base 11
-4a037
What is ba12d (base 16) in base 4?
2322010231
Convert 122112110010 (base 3) to base 6.
11221520
What is 44300122 (base 5) in base 16?
5dd9c
What is 137183 (base 13) in base 14?
c4355
Convert -10100001100011000100110 (base 2) to base 3.
-100221221110111
What is -205593 (base 11) in base 2?
-1010000011011111000
-1100100001101 (base 2) to base 15
-1d78
Convert -133972 (base 12) to base 11.
-1a7693
Convert -10140031222 (base 5) to base 11.
-5a01970
3507c (base 15) to base 10
168867
9bac1 (base 16) to base 8
2335301
What is -11212112100 (base 3) in base 13?
-3484b
What is a991 (base 12) in base 13?
8674
What is -3c0eea (base 15) in base 7?
-33361504
Convert -3311a (base 12) to base 14.
-1a898
What is -27612 (base 13) in base 11?
-50276
What is -3ac01 (base 16) in base 3?
-110020002122
What is -3037137 (base 9) in base 5?
-403303344
-353141 (base 7) to base 4
-33200231
What is -4f9567 (base 16) in base 4?
-103321111213
What is -15373 (base 16) in base 3?
-11102012111
4105e (base 16) to base 5
32010314
Convert -8733a (base 12) to base 8.
-534436
Convert 122001020 (base 3) to base 10.
12426
What is -31302000 (base 5) in base 7?
-2130632
Convert -12220011011 (base 3) to base 11.
-7a196
What is 441613 (base 7) in base 16?
12ea7
What is -57105312 (base 8) in base 2?
-101111001000101011001010
22242301 (base 5) to base 11
124766
Convert -862248 (base 12) to base 4.
-20011103120
Convert 22000222202 (base 3) to base 8.
464752
Convert -1334564 (base 7) to base 13.
-626c6
What is 32025042 (base 6) in base 10?
936818
Convert -131b6 (base 16) to base 15.
-182c7
247c9 (base 13) to base 7
400042
-10101101011001100 (base 2) to base 6
-1523004
11011011000001010 (base 2) to base 6
2223054
-2135305 (base 6) to base 15
-216ce
Convert -15040205 (base 6) to base 15.
-a3952
63627 (base 11) to base 13
331b8
-16314065 (base 7) to base 3
-2222110101202
-2049093 (base 10) to base 8
-7642105
Convert -6ae0a5 (base 16) to base 4.
-122232002211
What is 1cda88 (base 14) in base 4?
3331010120
Convert 111203102220 (base 4) to base 6.
321031240
What is -122c2 (base 13) in base 14?
-c295
What is -5711701 (base 8) in base 10?
-1545153
Convert 11120001022 (base 3) to base 8.
257146
a4786 (base 15) to base 7
4301160
What is 34aa149 (base 11) in base 16?
5d5d7d
What is 513e52 (base 15) in base 4?
32232211310
Convert -442335 (base 7) to base 15.
-18046
-208ecb (base 16) to base 12
-86a94b
-536196 (base 16) to base 7
-64306254
Convert -1428435 (base 9) to base 12.
-31b4ab
-15b8ab (base 13) to base 5
-114233013
Convert -3b6ec7 (base 15) to base 11.
-1682776
Convert 8c7 (base 14) to base 10.
1743
Convert -12003022121 (base 4) to base 15.
-214d12
Convert -284101 (base 10) to base 7.
-2262166
Convert -14335a6 (base 13) to base 10.
-6405236
What is -901181 (base 10) in base 8?
-3340075
3eec6 (base 16) to base 2
111110111011000110
Convert 11670657 (base 8) to base 4.
21313012233
Convert -230666651 (base 7) to base 5.
-12103232432
Convert dd7a3 (base 14) to base 3.
1000021001220
Convert 457695 (base 11) to base 9.
1328015
What is -2332403410 (base 5) in base 11?
-3029655
What is 220123322 (base 4) in base 7?
1256606
105c92 (base 14) to base 5
120212044
Convert 14450545 (base 6) to base 11.
314a23
Convert -38028 (base 14) to base 6.
-2535204
-1231310312 (base 4) to base 6
-13350342
55315042 (base 6) to base 12
67ba82
What is -1113021301 (base 4) in base 12?
-152701
a3624 (base 15) to base 10
517759
What is 23841 (base 12) in base 4?
23223301
What is 10101101110101101100 (base 2) in base 9?
1304660
Convert 6879106 (base 10) to base 8.
32173602
What is -5141224 (base 6) in base 15?
-4d0b4
What is 2187a (base 13) in base 7?
342115
-a3ac54 (base 15) to base 7
-123101332
What is 5a11a2 (base 14) in base 5?
1241420422
-536510 (base 7) to base 14
-26140
What is -1010100001101011101 (base 2) in base 6?
-11220513
1618548 (base 11) to base 3
12012102020110
1111101101110001 (base 2) to base 16
fb71
Convert -3734340 (base 8) to base 14.
-1cb6da
-11102221022011 (base 3) to base 7
-26031400
Convert 852102 (base 9) to base 8.
1735562
1100101101101101110 (base 2) to base 15
8369c
10